d - 11. Calculate the highest common factor of 70 and d.
14
Let t be ((-8)/5)/(2/(-5)). Calculate the greatest common divisor of t and 10.
2
Let z be (-2 - 8/12)*27/(-6). What is the greatest common factor of z and 4?
4
Let l = 99 + -42. What is the highest common factor of 38 and l?
19
Suppose -g = -4*h + 7, 5*h + 0*g + g = 20. Suppose v - 5 = -h. Suppose 3*q + 1 + 11 = 3*l, l - 4*q = 7. What is the highest common factor of l and v?
1
Let c(z) = 23*z**2 + 3*z - 4. Let o be c(1). What is the highest common factor of o and 33?
11
Suppose -4*x - 12 = 0, 2*i + 3*i - 4 = -2*x. Suppose 5*b + 0*b + 1 = 2*f, -2*b - i = -f. What is the greatest common factor of f and 64?
8
Let j(y) = -2*y + 20. Let q be j(3). Calculate the greatest common divisor of q and 70.
14
Suppose -v + 108 = 2*t + 2*v, 2*t - 132 = 3*v. Let w be (-1)/(-1*1/13). Suppose b = w - 1. What is the greatest common factor of b and t?
12
Let r(h) = 3*h**2 - 3*h - 4. Let l = -1 - -6. Suppose l*z - 8 = -t, -5*z - 10 = -5*t - 0*t. Let m be r(t). What is the highest common divisor of 21 and m?
7
Let l = -136 - -202. Suppose 4*k - 356 = -3*w, -2*k + 300 = 2*w + l. Calculate the highest common divisor of w and 14.
14
Let n = 32 + -23. What is the greatest common factor of 36 and n?
9
Let o = -28 - -44. What is the highest common factor of o and 16?
16
Suppose 5*q - q - 24 = 0. Suppose d = q*d - 125. What is the greatest common divisor of d and 225?
25
Suppose -z - 11 = -67. Let d be (-2)/4 - 435/(-30). Calculate the highest common factor of d and z.
14
Suppose 3*n = w - 171, 148 + 194 = 2*w - 2*n. Calculate the greatest common divisor of w and 19.
19
Let c be (-2)/(-4) + 43/2. Let y = -76 - -109. What is the highest common factor of c and y?
11
Suppose 44 = 2*j + 2*j. What is the greatest common factor of 88 and j?
11
Let i(h) = h**2 + 3. Let w be i(0). Suppose w*d = 2*o - 165, 0*d - 5*d = -2*o + 155. Calculate the highest common divisor of o and 10.
10
Suppose 2*r = -r - 96. Let c = r - -53. Suppose i - 5*n - 19 = 0, 29 = 5*i + 3*n - 38. Calculate the greatest common factor of c and i.
7
Suppose 3*a - 6 = -0. What is the highest common factor of a and 20?
2
Let p(s) = -15*s - 18. Let k be p(-5). What is the greatest common factor of 3 and k?
3
Suppose -5*w = 5*b - 90, 3*w - 5*w + 14 = b. What is the highest common divisor of 242 and b?
22
Suppose v - 3*v = -6. Let s(g) = 7*g**2 - 2*g - 6. Let y be s(-4). Suppose v*i = y + 111. What is the highest common divisor of i and 15?
15
Suppose 0 = -3*h - 6 + 39. Let r(o) = -o**3 + 9*o**2 + 8*o - 4. Let a be r(-7). Let g be a/6 - 1/(-3). Calculate the highest common factor of g and h.
11
Let g(i) = i + 5. Let z be g(5). Let o be (-256)/(-6) - (-2)/(-3). Let y = o + -27. What is the highest common divisor of z and y?
5
Let a(o) = -o - 7. Let l be a(-7). Let g(v) = v + 102. Let n be g(l). Suppose 0 = 5*w - n - 173. What is the highest common divisor of w and 11?
11
Let h be -8 - 1/(2/2). Let l = h + 15. Let q = 26 - 23. Calculate the greatest common divisor of l and q.
3
Suppose -3*r + j = 4*j + 3, -5*r = -5*j - 25. Suppose h - n = -2*n + 7, 0 = -r*h + 3*n + 24. What is the greatest common divisor of 72 and h?
9
Suppose 4*o + 4*t - 112 = -0*t, t + 22 = o. Calculate the greatest common divisor of 125 and o.
25
Suppose -2*c = 3 - 7. Let i be 1/(c*(-3)/(-36)). What is the greatest common factor of 42 and i?
6
Suppose -6*t + 2*t = 0. Let w be (-4)/(12/15) - t. Let i be ((-4)/w)/(1/5). What is the greatest common factor of i and 20?
4
Suppose 9 = m - 1. Let p be (-3)/(-12) + 174/8. Suppose 4*u - 122 = -p. What is the greatest common factor of u and m?
5
Let q = -1 - -28. Suppose 2*f = f + q. Suppose 5*j - 11 - 4 = -5*a, -4*j = 0. What is the highest common factor of f and a?
3
Let g be (-317)/(-15) + 4/(-30). What is the highest common divisor of g and 63?
21
Suppose 3*m + 2*p - 28 = 0, -4*p = -m - 4*m + 10. Calculate the greatest common factor of 54 and m.
6
Suppose -2*p + 295 = 3*p - 5*f, 244 = 4*p + 4*f. What is the highest common divisor of 90 and p?
30
Suppose m = 548 - 178. Suppose t = -5*u + 35 + 62, -5*t - 2*u + m = 0. Calculate the highest common factor of 8 and t.
8
Suppose 5*j - 104 = -k, 2*j + 5*k = -0*j + 60. Let c = j + 7. Calculate the highest common divisor of 243 and c.
27
Suppose 8*o = 7*o + 16. What is the highest common factor of o and 128?
16
Let h(t) = t**2 - 5*t + 2. Let j be h(5). Let y = j - -2. Suppose 3*v - 13 = -a, 2*v - a - y - 3 = 0. Calculate the greatest common factor of v and 16.
4
Let a be ((-1)/(-2))/((-3)/(-12)). Let y be 17/3 - a/3. Suppose c + 3 = y. What is the highest common factor of 14 and c?
2
Let s = 56 - 28. Suppose 3*i = 7*i - s. Suppose 0 = 2*o - 7 - 7. What is the highest common factor of i and o?
7
Suppose -106 + 522 = 3*c + 2*h, 4*h + 686 = 5*c. Calculate the greatest common factor of c and 46.
46
Suppose 2*m - 5 = j - 1, -2*j + m + 4 = 0. Suppose 17 + 15 = j*t. What is the highest common divisor of t and 88?
8
Suppose -5*d - 6 - 9 = -u, 2*u + 3*d - 30 = 0. What is the greatest common divisor of u and 45?
15
Let d(g) = 6*g + 5 - g**2 - 1 + 2. Let b be d(5). What is the highest common divisor of 44 and b?
11
Let y be (2 - 0 - -4) + (-2 - -2). What is the highest common divisor of y and 66?
6
Let d(u) = u**3 - u**2 + 497. Let y be d(0). Let o be (-18)/45 - y/(-5). What is the highest common factor of 9 and o?
9
Suppose 2*c + 0*c = 2, -c = 2*p - 61. What is the greatest common factor of p and 270?
30
Let n = -4 + 18. Let t(q) = q**3 - 7*q**2 - 6*q - 2. Let v be t(8). Calculate the highest common factor of v and n.
14
Suppose -t = 5*c - 0*t - 1477, 2 = t. Suppose 0 = -2*s - 8, -5*s = -2*z - 3*z + c. What is the greatest common factor of 22 and z?
11
Suppose 33 = 5*u - 5*f + 2*f, -2*u = -f - 13. Let g(r) = 19*r + 1. Let n be g(1). Let a = n + -5. Calculate the greatest common factor of a and u.
3
Suppose 0 = 2*k - c - 162, 0 = 4*k + 3*c - 7*c - 316. Let y = k - 34. Let v be ((-105)/30)/((-2)/4). What is the greatest common factor of v and y?
7
Suppose -s - 25 = -2*r, 5*s = 4*r + 4*s - 45. Let t = 48 + 8. Suppose -1 = -o, -26 = -q - 2*o + t. Calculate the greatest common factor of q and r.
10
Let y(p) = -p - 5. Let z be y(-8). Let t = 33 - 12. Calculate the greatest common factor of z and t.
3
Let y = 10 - 5. Suppose -y*x + 564 = 2*c + 190, -4*x + 302 = 3*c. Suppose 0*i + 4*i = -4*g + 320, i + x = g. What is the highest common factor of g and 7?
7
Suppose 0 = -2*h - 1 + 5. Calculate the greatest common divisor of h and 18.
2
Let d(m) = -m + 5. Let u be d(5). Suppose -2*q + 3*j + 112 = -u*q, 2*q - 80 = -5*j. Let h = 30 + -20. What is the highest common factor of q and h?
10
Let f be 70/(-21) - (-4)/(-6). Let v(w) = w**3 + 4*w**2 - 3*w - 4. Let l be v(f). Let k = 77 - 37. What is the highest common divisor of l and k?
8
Let g(x) = -x**3 - 7*x**2 + 9*x + 2. Let u be g(-8). Let l be (u - -2)*(-1 - -5). Let m be (51/4)/((-3)/l). What is the highest common factor of 17 and m?
17
Suppose 4 + 34 = 2*a. Calculate the greatest common divisor of a and 95.
19
Let r = -103 - 2. Let g = 150 + r. Suppose g = -c + 4*c. Calculate the highest common factor of 5 and c.
5
Let f(c) = -c + 8. Let x be f(0). Suppose -i + 6 = -x. What is the highest common divisor of i and 35?
7
Let p(j) = j + 8. Let d be p(-4). Suppose d*k - 3*l - 54 = 83, 5*l = -4*k + 177. Calculate the greatest common factor of k and 19.
19
Suppose 4*z = -x - x + 96, -2*x + 51 = -5*z. What is the greatest common factor of x and 19?
19
Suppose 280 = 2*z + 3*z. Suppose -9 + 0 = 3*f, 4*f = -5*w + 128. Calculate the highest common divisor of w and z.
28
Suppose 39 = 2*x + 5. Suppose -2*k + 3*k = 119. Suppose 0*w = -w + k. Calculate the greatest common factor of x and w.
17
Let f = 39 - -81. Calculate the highest common divisor of 48 and f.
24
Suppose 1 = -j + 4. Let c be (26/j)/(10/15). Calculate the greatest common divisor of c and 91.
13
Suppose -2*z - 3*z = 0. Let b = z + 10. Let v be ((-2)/(-3))/((-2)/(-12)). What is the greatest common divisor of v and b?
2
Let m be ((-3)/9 + -4)*-3. What is the highest common divisor of 130 and m?
13
Let l be (2*1)/(2/7). Suppose -53*k + 57*k - 196 = 0. Calculate the greatest common divisor of k and l.
7
Let y = 199 - 135. Suppose